{"id":32,"date":"2025-04-14T05:40:49","date_gmt":"2025-04-14T05:40:49","guid":{"rendered":"https:\/\/www.fabiangiles.com\/V5.1\/?page_id=32"},"modified":"2026-05-01T19:42:27","modified_gmt":"2026-05-01T19:42:27","slug":"about","status":"publish","type":"page","link":"http:\/\/www.fabiangiles.com\/V5.1\/about\/","title":{"rendered":"ABOUT"},"content":{"rendered":"\n<figure class=\"wp-block-image size-full\"><img loading=\"lazy\" decoding=\"async\" width=\"412\" height=\"113\" src=\"https:\/\/www.fabiangiles.com\/V5.1\/wp-content\/uploads\/2026\/04\/firma-dorado.png\" alt=\"\" class=\"wp-image-2023\" srcset=\"http:\/\/www.fabiangiles.com\/V5.1\/wp-content\/uploads\/2026\/04\/firma-dorado.png 412w, http:\/\/www.fabiangiles.com\/V5.1\/wp-content\/uploads\/2026\/04\/firma-dorado-300x82.png 300w\" sizes=\"auto, (max-width: 412px) 100vw, 412px\" \/><\/figure>\n\n\n\n<p><mark style=\"background-color:rgba(0, 0, 0, 0)\" class=\"has-inline-color has-vivid-cyan-blue-color\">Mexico City.  July 11, 1971\u2028\u2028<\/mark><br><br><em><strong>Multidisciplinary and interdisciplinary artist<\/strong>. Bachelor grade <strong>Graphic Design Communication<\/strong> of UAM (Autonomous Metropolitan University) Azcapotzalco Campus. Illustrator with experience in Macintosh since 1995, edition in Photoshop, In Design, iMovie, iBooks Author. <strong>Mexican and proud father<\/strong>, lover of cinema, music, comics and art. <strong>Concerned about the enviroment and ecology.<\/strong><\/em> Director and founder of <strong><a href=\"http:\/\/www.cortarypegarfestival.com\">Mexico City\u00b4s Collage Festival Cut and Paste<\/a><\/strong>.  <a href=\"https:\/\/www.fabiangiles.com\/V5.1\/about\/bio\/\" data-type=\"page\" data-id=\"176\"><mark style=\"background-color:rgba(0, 0, 0, 0)\" class=\"has-inline-color has-luminous-vivid-orange-color\">MORE<\/mark><\/a><\/p>\n\n\n\n<p><strong><a href=\"https:\/\/www.fabiangiles.com\/V5.1\/about\/bio\/\" data-type=\"page\" data-id=\"176\"><mark style=\"background-color:rgba(0, 0, 0, 0)\" class=\"has-inline-color has-luminous-vivid-orange-color\">BIO<\/mark><\/a>   <mark style=\"background-color:rgba(0, 0, 0, 0)\" class=\"has-inline-color has-luminous-vivid-orange-color\"> <\/mark><\/strong><br><strong><a href=\"https:\/\/www.fabiangiles.com\/V5.1\/about\/cv\/\" data-type=\"page\" data-id=\"394\"><mark style=\"background-color:rgba(0, 0, 0, 0)\" class=\"has-inline-color has-luminous-vivid-orange-color\">CV <\/mark><\/a><a href=\"https:\/\/www.fabiangiles.com\/V5.1\/about\/cv-2\/\" data-type=\"page\" data-id=\"394\"> <\/a>  <\/strong><br><strong><a href=\"https:\/\/www.fabiangiles.com\/V5.1\/about\/expo\/\" data-type=\"page\" data-id=\"252\"><mark style=\"background-color:rgba(0, 0, 0, 0)\" class=\"has-inline-color has-luminous-vivid-orange-color\">EXPOS<\/mark><\/a>    <\/strong><br><strong><a href=\"https:\/\/www.fabiangiles.com\/V5.1\/about\/media\/\" data-type=\"page\" data-id=\"930\"><mark style=\"background-color:rgba(0, 0, 0, 0)\" class=\"has-inline-color has-luminous-vivid-orange-color\">MEDIA<\/mark><\/a><\/strong><\/p>\n\n\n<div class=\"wp-block-image\">\n<figure class=\"aligncenter size-full is-resized\"><img loading=\"lazy\" decoding=\"async\" width=\"562\" height=\"545\" src=\"https:\/\/www.fabiangiles.com\/V5.1\/wp-content\/uploads\/2025\/04\/FABIANGILES2D.png\" alt=\"\" class=\"wp-image-205\" style=\"width:52px;height:auto\" srcset=\"http:\/\/www.fabiangiles.com\/V5.1\/wp-content\/uploads\/2025\/04\/FABIANGILES2D.png 562w, http:\/\/www.fabiangiles.com\/V5.1\/wp-content\/uploads\/2025\/04\/FABIANGILES2D-300x291.png 300w\" sizes=\"auto, (max-width: 562px) 100vw, 562px\" \/><\/figure>\n<\/div>\n\n\n<figure class=\"wp-block-image size-large\"><img loading=\"lazy\" decoding=\"async\" width=\"1024\" height=\"948\" src=\"https:\/\/www.fabiangiles.com\/V5.1\/wp-content\/uploads\/2026\/04\/FotoFabianGiles-por-PedroMeyer-1024x948.jpg\" alt=\"\" class=\"wp-image-2021\" srcset=\"http:\/\/www.fabiangiles.com\/V5.1\/wp-content\/uploads\/2026\/04\/FotoFabianGiles-por-PedroMeyer-1024x948.jpg 1024w, http:\/\/www.fabiangiles.com\/V5.1\/wp-content\/uploads\/2026\/04\/FotoFabianGiles-por-PedroMeyer-300x278.jpg 300w, http:\/\/www.fabiangiles.com\/V5.1\/wp-content\/uploads\/2026\/04\/FotoFabianGiles-por-PedroMeyer-768x711.jpg 768w, http:\/\/www.fabiangiles.com\/V5.1\/wp-content\/uploads\/2026\/04\/FotoFabianGiles-por-PedroMeyer-1536x1421.jpg 1536w, http:\/\/www.fabiangiles.com\/V5.1\/wp-content\/uploads\/2026\/04\/FotoFabianGiles-por-PedroMeyer-2048x1895.jpg 2048w\" sizes=\"auto, (max-width: 767px) 89vw, (max-width: 1000px) 54vw, (max-width: 1071px) 543px, 580px\" \/><\/figure>\n\n\n\n<p><\/p>\n\n\n\n<p><mark style=\"background-color:rgba(0, 0, 0, 0)\" class=\"has-inline-color has-vivid-cyan-blue-color\">CDMX. JulIo  11 , 1971\u2028\u2028<\/mark><\/p>\n\n\n\n<p><strong>Artista multi e interdisciplinario. Licenciado en<\/strong> <strong>Dise\u00f1o de la Comunicaci\u00f3n Gr\u00e1fica <\/strong>egresado de la <strong>UAM Azcapotzalco. <\/strong>Ilustrador con experiencia en <em>Macintosh <\/em>desde 1995, edici\u00f3n en <em>Photoshop, In Design, iMovie, iBooks Author<\/em>. <strong>Mexicano y orgulloso padre, <\/strong>amante del cine, la m\u00fasica, los c\u00f3mics y el arte. <strong>Preocupado por el medio ambiente , la conciencia y la pol\u00edtica.<\/strong> Director y fundador del <strong><a href=\"http:\/\/www.cortarypegarfestival.com\">Festival de Collage de la CDMX. Cortar y Pegar.<\/a><\/strong>    <a href=\"https:\/\/www.fabiangiles.com\/V5.1\/about\/bio-2\/\" data-type=\"link\" data-id=\"https:\/\/www.fabiangiles.com\/V5.1\/about\/bio\/bio2\"><mark style=\"background-color:rgba(0, 0, 0, 0)\" class=\"has-inline-color has-luminous-vivid-orange-color\">M\u00c1S<\/mark><\/a><\/p>\n\n\n\n<p><strong><a href=\"https:\/\/www.fabiangiles.com\/V5.1\/about\/bio-2\/\" data-type=\"page\" data-id=\"747\"><mark style=\"background-color:rgba(0, 0, 0, 0)\" class=\"has-inline-color has-luminous-vivid-orange-color\">BIO<\/mark><\/a>  <\/strong><br><strong><a href=\"https:\/\/www.fabiangiles.com\/V5.1\/about\/cv-2\/\" data-type=\"page\" data-id=\"375\"><mark style=\"background-color:rgba(0, 0, 0, 0)\" class=\"has-inline-color has-luminous-vivid-orange-color\">CV<\/mark>  <\/a><\/strong><br><strong><a href=\"https:\/\/www.fabiangiles.com\/V5.1\/about\/expo-2\/\" data-type=\"page\" data-id=\"291\"><mark style=\"background-color:rgba(0, 0, 0, 0)\" class=\"has-inline-color has-luminous-vivid-orange-color\">EXPOS <\/mark><\/a><mark style=\"background-color:rgba(0, 0, 0, 0)\" class=\"has-inline-color has-luminous-vivid-orange-color\"> <\/mark><\/strong><br><strong><a href=\"https:\/\/www.fabiangiles.com\/V5.1\/about\/medios\/\" data-type=\"page\" data-id=\"587\"><mark style=\"background-color:rgba(0, 0, 0, 0)\" class=\"has-inline-color has-luminous-vivid-orange-color\">MEDIOS<\/mark><\/a><\/strong><\/p>\n\n\n<div class=\"wp-block-image\">\n<figure class=\"aligncenter size-full is-resized\"><img loading=\"lazy\" decoding=\"async\" width=\"562\" height=\"545\" src=\"https:\/\/www.fabiangiles.com\/V5.1\/wp-content\/uploads\/2025\/04\/FABIANGILES2D.png\" alt=\"\" class=\"wp-image-205\" style=\"width:52px;height:auto\" srcset=\"http:\/\/www.fabiangiles.com\/V5.1\/wp-content\/uploads\/2025\/04\/FABIANGILES2D.png 562w, http:\/\/www.fabiangiles.com\/V5.1\/wp-content\/uploads\/2025\/04\/FABIANGILES2D-300x291.png 300w\" sizes=\"auto, (max-width: 562px) 100vw, 562px\" \/><\/figure>\n<\/div>","protected":false},"excerpt":{"rendered":"<p>Mexico City. July 11, 1971\u2028\u2028 Multidisciplinary and interdisciplinary artist. Bachelor grade Graphic Design Communication of UAM (Autonomous Metropolitan University) Azcapotzalco Campus. Illustrator with experience in Macintosh since 1995, edition in Photoshop, In Design, iMovie, iBooks Author. Mexican and proud father, lover of cinema, music, comics and art. Concerned about the enviroment and ecology. Director and &hellip; <\/p>\n<p class=\"link-more\"><a href=\"http:\/\/www.fabiangiles.com\/V5.1\/about\/\" class=\"more-link\">Continue reading<span class=\"screen-reader-text\"> &#8220;ABOUT&#8221;<\/span><\/a><\/p>\n","protected":false},"author":1,"featured_media":20,"parent":0,"menu_order":0,"comment_status":"closed","ping_status":"closed","template":"","meta":{"footnotes":""},"class_list":["post-32","page","type-page","status-publish","has-post-thumbnail","hentry"],"_links":{"self":[{"href":"http:\/\/www.fabiangiles.com\/V5.1\/wp-json\/wp\/v2\/pages\/32","targetHints":{"allow":["GET"]}}],"collection":[{"href":"http:\/\/www.fabiangiles.com\/V5.1\/wp-json\/wp\/v2\/pages"}],"about":[{"href":"http:\/\/www.fabiangiles.com\/V5.1\/wp-json\/wp\/v2\/types\/page"}],"author":[{"embeddable":true,"href":"http:\/\/www.fabiangiles.com\/V5.1\/wp-json\/wp\/v2\/users\/1"}],"replies":[{"embeddable":true,"href":"http:\/\/www.fabiangiles.com\/V5.1\/wp-json\/wp\/v2\/comments?post=32"}],"version-history":[{"count":31,"href":"http:\/\/www.fabiangiles.com\/V5.1\/wp-json\/wp\/v2\/pages\/32\/revisions"}],"predecessor-version":[{"id":2070,"href":"http:\/\/www.fabiangiles.com\/V5.1\/wp-json\/wp\/v2\/pages\/32\/revisions\/2070"}],"wp:featuredmedia":[{"embeddable":true,"href":"http:\/\/www.fabiangiles.com\/V5.1\/wp-json\/wp\/v2\/media\/20"}],"wp:attachment":[{"href":"http:\/\/www.fabiangiles.com\/V5.1\/wp-json\/wp\/v2\/media?parent=32"}],"curies":[{"name":"wp","href":"https:\/\/api.w.org\/{rel}","templated":true}]}}

<figure class="wp-block-image size-full"><img loading="lazy" decoding="async" width="412" height="113" src="https://www.fabiangiles.com/V5.1/wp-content/uploads/2026/04/firma-dorado.png" alt="" class="wp-image-2023" srcset="http://www.fabiangiles.com/V5.1/wp-content/uploads/2026/04/firma-dorado.png 412w, http://www.fabiangiles.com/V5.1/wp-content/uploads/2026/04/firma-dorado-300x82.png 300w" sizes="auto, (max-width: 412px) 100vw, 412px" /></figure>



<p><mark style="background-color:rgba(0, 0, 0, 0)" class="has-inline-color has-vivid-cyan-blue-color">Mexico City.  July 11, 1971  </mark><br><br><em><strong>Multidisciplinary and interdisciplinary artist</strong>. Bachelor grade <strong>Graphic Design Communication</strong> of UAM (Autonomous Metropolitan University) Azcapotzalco Campus. Illustrator with experience in Macintosh since 1995, edition in Photoshop, In Design, iMovie, iBooks Author. <strong>Mexican and proud father</strong>, lover of cinema, music, comics and art. <strong>Concerned about the enviroment and ecology.</strong></em> Director and founder of <strong><a href="http://www.cortarypegarfestival.com">Mexico City´s Collage Festival Cut and Paste</a></strong>.  <a href="https://www.fabiangiles.com/V5.1/about/bio/" data-type="page" data-id="176"><mark style="background-color:rgba(0, 0, 0, 0)" class="has-inline-color has-luminous-vivid-orange-color">MORE</mark></a></p>



<p><strong><a href="https://www.fabiangiles.com/V5.1/about/bio/" data-type="page" data-id="176"><mark style="background-color:rgba(0, 0, 0, 0)" class="has-inline-color has-luminous-vivid-orange-color">BIO</mark></a>   <mark style="background-color:rgba(0, 0, 0, 0)" class="has-inline-color has-luminous-vivid-orange-color"> </mark></strong><br><strong><a href="https://www.fabiangiles.com/V5.1/about/cv/" data-type="page" data-id="394"><mark style="background-color:rgba(0, 0, 0, 0)" class="has-inline-color has-luminous-vivid-orange-color">CV </mark></a><a href="https://www.fabiangiles.com/V5.1/about/cv-2/" data-type="page" data-id="394"> </a>  </strong><br><strong><a href="https://www.fabiangiles.com/V5.1/about/expo/" data-type="page" data-id="252"><mark style="background-color:rgba(0, 0, 0, 0)" class="has-inline-color has-luminous-vivid-orange-color">EXPOS</mark></a>    </strong><br><strong><a href="https://www.fabiangiles.com/V5.1/about/media/" data-type="page" data-id="930"><mark style="background-color:rgba(0, 0, 0, 0)" class="has-inline-color has-luminous-vivid-orange-color">MEDIA</mark></a></strong></p>


<div class="wp-block-image">
<figure class="aligncenter size-full is-resized"><img loading="lazy" decoding="async" width="562" height="545" src="https://www.fabiangiles.com/V5.1/wp-content/uploads/2025/04/FABIANGILES2D.png" alt="" class="wp-image-205" style="width:52px;height:auto" srcset="http://www.fabiangiles.com/V5.1/wp-content/uploads/2025/04/FABIANGILES2D.png 562w, http://www.fabiangiles.com/V5.1/wp-content/uploads/2025/04/FABIANGILES2D-300x291.png 300w" sizes="auto, (max-width: 562px) 100vw, 562px" /></figure>
</div>


<figure class="wp-block-image size-large"><img loading="lazy" decoding="async" width="1024" height="948" src="https://www.fabiangiles.com/V5.1/wp-content/uploads/2026/04/FotoFabianGiles-por-PedroMeyer-1024x948.jpg" alt="" class="wp-image-2021" srcset="http://www.fabiangiles.com/V5.1/wp-content/uploads/2026/04/FotoFabianGiles-por-PedroMeyer-1024x948.jpg 1024w, http://www.fabiangiles.com/V5.1/wp-content/uploads/2026/04/FotoFabianGiles-por-PedroMeyer-300x278.jpg 300w, http://www.fabiangiles.com/V5.1/wp-content/uploads/2026/04/FotoFabianGiles-por-PedroMeyer-768x711.jpg 768w, http://www.fabiangiles.com/V5.1/wp-content/uploads/2026/04/FotoFabianGiles-por-PedroMeyer-1536x1421.jpg 1536w, http://www.fabiangiles.com/V5.1/wp-content/uploads/2026/04/FotoFabianGiles-por-PedroMeyer-2048x1895.jpg 2048w" sizes="auto, (max-width: 767px) 89vw, (max-width: 1000px) 54vw, (max-width: 1071px) 543px, 580px" /></figure>



<p></p>



<p><mark style="background-color:rgba(0, 0, 0, 0)" class="has-inline-color has-vivid-cyan-blue-color">CDMX. JulIo  11 , 1971  </mark></p>



<p><strong>Artista multi e interdisciplinario. Licenciado en</strong> <strong>Diseño de la Comunicación Gráfica </strong>egresado de la <strong>UAM Azcapotzalco. </strong>Ilustrador con experiencia en <em>Macintosh </em>desde 1995, edición en <em>Photoshop, In Design, iMovie, iBooks Author</em>. <strong>Mexicano y orgulloso padre, </strong>amante del cine, la música, los cómics y el arte. <strong>Preocupado por el medio ambiente , la conciencia y la política.</strong> Director y fundador del <strong><a href="http://www.cortarypegarfestival.com">Festival de Collage de la CDMX. Cortar y Pegar.</a></strong>    <a href="https://www.fabiangiles.com/V5.1/about/bio-2/" data-type="link" data-id="https://www.fabiangiles.com/V5.1/about/bio/bio2"><mark style="background-color:rgba(0, 0, 0, 0)" class="has-inline-color has-luminous-vivid-orange-color">MÁS</mark></a></p>



<p><strong><a href="https://www.fabiangiles.com/V5.1/about/bio-2/" data-type="page" data-id="747"><mark style="background-color:rgba(0, 0, 0, 0)" class="has-inline-color has-luminous-vivid-orange-color">BIO</mark></a>  </strong><br><strong><a href="https://www.fabiangiles.com/V5.1/about/cv-2/" data-type="page" data-id="375"><mark style="background-color:rgba(0, 0, 0, 0)" class="has-inline-color has-luminous-vivid-orange-color">CV</mark>  </a></strong><br><strong><a href="https://www.fabiangiles.com/V5.1/about/expo-2/" data-type="page" data-id="291"><mark style="background-color:rgba(0, 0, 0, 0)" class="has-inline-color has-luminous-vivid-orange-color">EXPOS </mark></a><mark style="background-color:rgba(0, 0, 0, 0)" class="has-inline-color has-luminous-vivid-orange-color"> </mark></strong><br><strong><a href="https://www.fabiangiles.com/V5.1/about/medios/" data-type="page" data-id="587"><mark style="background-color:rgba(0, 0, 0, 0)" class="has-inline-color has-luminous-vivid-orange-color">MEDIOS</mark></a></strong></p>


<div class="wp-block-image">
<figure class="aligncenter size-full is-resized"><img loading="lazy" decoding="async" width="562" height="545" src="https://www.fabiangiles.com/V5.1/wp-content/uploads/2025/04/FABIANGILES2D.png" alt="" class="wp-image-205" style="width:52px;height:auto" srcset="http://www.fabiangiles.com/V5.1/wp-content/uploads/2025/04/FABIANGILES2D.png 562w, http://www.fabiangiles.com/V5.1/wp-content/uploads/2025/04/FABIANGILES2D-300x291.png 300w" sizes="auto, (max-width: 562px) 100vw, 562px" /></figure>
</div>
