{"id":757,"date":"2025-04-16T05:54:03","date_gmt":"2025-04-16T05:54:03","guid":{"rendered":"https:\/\/www.fabiangiles.com\/V5.1\/?page_id=757"},"modified":"2025-04-16T17:47:18","modified_gmt":"2025-04-16T17:47:18","slug":"podcast","status":"publish","type":"page","link":"http:\/\/www.fabiangiles.com\/V5.1\/audiovisual\/podcast\/","title":{"rendered":"PODCAST"},"content":{"rendered":"\n<p><strong><em>Recents poductions about diferent themes<\/em><br>Producciones recientes sobre sobre diferentes temas<\/strong>.<\/p>\n\n\n\n<p><mark style=\"background-color:rgba(0, 0, 0, 0)\" class=\"has-inline-color has-vivid-cyan-blue-color\"><strong><em>Available<\/em> \/ Disponibles en<\/strong> <\/mark><\/p>\n\n\n\n<div class=\"wp-block-columns is-layout-flex wp-container-core-columns-is-layout-9d6595d7 wp-block-columns-is-layout-flex\">\n<div class=\"wp-block-column is-layout-flow wp-block-column-is-layout-flow\"><div class=\"wp-block-image\">\n<figure class=\"aligncenter size-full\"><a href=\"https:\/\/podcasts.apple.com\/mx\/search?term=fabian%20giles\"><img loading=\"lazy\" decoding=\"async\" width=\"204\" height=\"71\" src=\"http:\/\/www.fabiangiles.com\/V5.1\/wp-content\/uploads\/2025\/04\/apple-podcasts.png\" alt=\"\" class=\"wp-image-763\"\/><\/a><\/figure>\n<\/div><\/div>\n\n\n\n<div class=\"wp-block-column is-layout-flow wp-block-column-is-layout-flow\"><div class=\"wp-block-image\">\n<figure class=\"aligncenter size-large\"><a href=\"https:\/\/soundcloud.com\/fabiangiles-1\"><img loading=\"lazy\" decoding=\"async\" width=\"1024\" height=\"231\" src=\"http:\/\/www.fabiangiles.com\/V5.1\/wp-content\/uploads\/2025\/04\/SoundCloud-Logo.wine_-1024x231.png\" alt=\"\" class=\"wp-image-765\" srcset=\"http:\/\/www.fabiangiles.com\/V5.1\/wp-content\/uploads\/2025\/04\/SoundCloud-Logo.wine_-1024x231.png 1024w, http:\/\/www.fabiangiles.com\/V5.1\/wp-content\/uploads\/2025\/04\/SoundCloud-Logo.wine_-300x68.png 300w, http:\/\/www.fabiangiles.com\/V5.1\/wp-content\/uploads\/2025\/04\/SoundCloud-Logo.wine_-768x173.png 768w, http:\/\/www.fabiangiles.com\/V5.1\/wp-content\/uploads\/2025\/04\/SoundCloud-Logo.wine_-1536x346.png 1536w, http:\/\/www.fabiangiles.com\/V5.1\/wp-content\/uploads\/2025\/04\/SoundCloud-Logo.wine_-2048x462.png 2048w\" sizes=\"auto, (max-width: 767px) 89vw, (max-width: 1000px) 54vw, (max-width: 1071px) 543px, 580px\" \/><\/a><\/figure>\n<\/div><\/div>\n<\/div>\n\n\n<div class=\"wp-block-image\">\n<figure class=\"aligncenter size-full is-resized\"><img loading=\"lazy\" decoding=\"async\" width=\"562\" height=\"545\" src=\"https:\/\/www.fabiangiles.com\/V5.1\/wp-content\/uploads\/2025\/04\/FABIANGILES2D.png\" alt=\"\" class=\"wp-image-205\" style=\"width:52px;height:auto\" srcset=\"http:\/\/www.fabiangiles.com\/V5.1\/wp-content\/uploads\/2025\/04\/FABIANGILES2D.png 562w, http:\/\/www.fabiangiles.com\/V5.1\/wp-content\/uploads\/2025\/04\/FABIANGILES2D-300x291.png 300w\" sizes=\"auto, (max-width: 562px) 100vw, 562px\" \/><\/figure>\n<\/div>\n\n\n<div class=\"wp-block-columns is-layout-flex wp-container-core-columns-is-layout-9d6595d7 wp-block-columns-is-layout-flex\">\n<div class=\"wp-block-column is-layout-flow wp-block-column-is-layout-flow\">\n<figure class=\"wp-block-image size-full\"><a href=\"https:\/\/podcasts.apple.com\/mx\/search?term=la%20mala%20radio\"><img loading=\"lazy\" decoding=\"async\" width=\"316\" height=\"311\" src=\"http:\/\/www.fabiangiles.com\/V5.1\/wp-content\/uploads\/2025\/04\/LaMalaRadio.png\" alt=\"\" class=\"wp-image-758\" srcset=\"http:\/\/www.fabiangiles.com\/V5.1\/wp-content\/uploads\/2025\/04\/LaMalaRadio.png 316w, http:\/\/www.fabiangiles.com\/V5.1\/wp-content\/uploads\/2025\/04\/LaMalaRadio-300x295.png 300w\" sizes=\"auto, (max-width: 316px) 100vw, 316px\" \/><\/a><\/figure>\n<\/div>\n\n\n\n<div class=\"wp-block-column is-layout-flow wp-block-column-is-layout-flow\">\n<p><br><strong><mark style=\"background-color:rgba(0, 0, 0, 0)\" class=\"has-inline-color has-luminous-vivid-orange-color\">LA MALA RADIO<\/mark><\/strong><br><mark style=\"background-color:rgba(0, 0, 0, 0)\" class=\"has-inline-color has-vivid-cyan-blue-color\"><em>Since<\/em> <\/mark>\/ Desde <strong>2014<\/strong><\/p>\n\n\n\n<p><mark style=\"background-color:rgba(0, 0, 0, 0)\" class=\"has-inline-color has-vivid-cyan-blue-color\"><em>This is not like others&#8230; <\/em>\/ <br>Esta no es como las otras&#8230;<\/mark><\/p>\n\n\n\n<p><a href=\"https:\/\/podcasts.apple.com\/mx\/podcast\/la-mala-radio\/id1134275454\"><mark style=\"background-color:rgba(0, 0, 0, 0)\" class=\"has-inline-color has-luminous-vivid-orange-color\"><em>S<\/em>eason 1 \/ Temporada  1<\/mark><\/a><br><a href=\"https:\/\/podcasts.apple.com\/mx\/podcast\/la-mala-radio-2\/id1175570097\"><mark style=\"background-color:rgba(0, 0, 0, 0)\" class=\"has-inline-color has-luminous-vivid-orange-color\"><em>Season<\/em> 2 \/ Temporada 2<\/mark><\/a><br><a href=\"https:\/\/podcasts.apple.com\/mx\/podcast\/la-mala-radio-3\/id1235785022\"><mark style=\"background-color:rgba(0, 0, 0, 0)\" class=\"has-inline-color has-luminous-vivid-orange-color\">Season 3 \/ Temporada 3<\/mark><\/a><\/p>\n\n\n\n<p><\/p>\n<\/div>\n<\/div>\n\n\n\n<div class=\"wp-block-columns is-layout-flex wp-container-core-columns-is-layout-9d6595d7 wp-block-columns-is-layout-flex\">\n<div class=\"wp-block-column is-layout-flow wp-block-column-is-layout-flow\">\n<figure class=\"wp-block-image size-full\"><a href=\"https:\/\/podcasts.apple.com\/mx\/podcast\/y-luego-qu%C3%A9\/id994767304\"><img loading=\"lazy\" decoding=\"async\" width=\"318\" height=\"321\" src=\"https:\/\/www.fabiangiles.com\/V5.1\/wp-content\/uploads\/2025\/04\/YLuegoQue.png\" alt=\"\" class=\"wp-image-774\" srcset=\"http:\/\/www.fabiangiles.com\/V5.1\/wp-content\/uploads\/2025\/04\/YLuegoQue.png 318w, http:\/\/www.fabiangiles.com\/V5.1\/wp-content\/uploads\/2025\/04\/YLuegoQue-297x300.png 297w, http:\/\/www.fabiangiles.com\/V5.1\/wp-content\/uploads\/2025\/04\/YLuegoQue-150x150.png 150w, http:\/\/www.fabiangiles.com\/V5.1\/wp-content\/uploads\/2025\/04\/YLuegoQue-100x100.png 100w\" sizes=\"auto, (max-width: 318px) 100vw, 318px\" \/><\/a><\/figure>\n<\/div>\n\n\n\n<div class=\"wp-block-column is-layout-flow wp-block-column-is-layout-flow\">\n<p><br><strong><mark style=\"background-color:rgba(0, 0, 0, 0)\" class=\"has-inline-color has-luminous-vivid-orange-color\">\u00bfY LUEGO, QU\u00c9?<\/mark><\/strong><br><em><mark style=\"background-color:rgba(0, 0, 0, 0)\" class=\"has-inline-color has-vivid-cyan-blue-color\">Since<\/mark><\/em> \/ Desde <strong>2016<\/strong><\/p>\n\n\n\n<p><mark style=\"background-color:rgba(0, 0, 0, 0)\" class=\"has-inline-color has-vivid-cyan-blue-color\"><em>Current topics, produced and created by <\/em>\/ <\/mark><br><mark style=\"background-color:rgba(0, 0, 0, 0)\" class=\"has-inline-color has-black-color\">Temas de actualidad, producido y creado por <\/mark><mark style=\"background-color:rgba(0, 0, 0, 0)\" class=\"has-inline-color has-vivid-cyan-blue-color\">\/ Maite Azuela y Fabi\u00e1n Giles<br><\/mark><\/p>\n\n\n\n<p><a href=\"https:\/\/podcasts.apple.com\/mx\/podcast\/y-luego-qu%C3%A9\/id994767304\"><mark style=\"background-color:rgba(0, 0, 0, 0)\" class=\"has-inline-color has-luminous-vivid-orange-color\"><em>S<\/em>eason 1 \/ Temporada  1<\/mark><\/a><br><\/p>\n<\/div>\n<\/div>\n\n\n\n<div class=\"wp-block-columns is-layout-flex wp-container-core-columns-is-layout-9d6595d7 wp-block-columns-is-layout-flex\">\n<div class=\"wp-block-column is-layout-flow wp-block-column-is-layout-flow\">\n<figure class=\"wp-block-image size-full\"><a href=\"https:\/\/podcasts.apple.com\/mx\/podcast\/fabian-giles-the-nightfly\/id1535662187\"><img loading=\"lazy\" decoding=\"async\" width=\"312\" height=\"305\" src=\"https:\/\/www.fabiangiles.com\/V5.1\/wp-content\/uploads\/2025\/04\/TheNightFly.png\" alt=\"\" class=\"wp-image-776\" srcset=\"http:\/\/www.fabiangiles.com\/V5.1\/wp-content\/uploads\/2025\/04\/TheNightFly.png 312w, http:\/\/www.fabiangiles.com\/V5.1\/wp-content\/uploads\/2025\/04\/TheNightFly-300x293.png 300w\" sizes=\"auto, (max-width: 312px) 100vw, 312px\" \/><\/a><\/figure>\n<\/div>\n\n\n\n<div class=\"wp-block-column is-layout-flow wp-block-column-is-layout-flow\">\n<p><br><strong><mark style=\"background-color:rgba(0, 0, 0, 0)\" class=\"has-inline-color has-luminous-vivid-orange-color\">The Nightfly<\/mark><\/strong><br><mark style=\"background-color:rgba(0, 0, 0, 0)\" class=\"has-inline-color has-vivid-cyan-blue-color\">Since<\/mark> \/ Desde <strong>2020<\/strong><\/p>\n\n\n\n<p><mark style=\"background-color:rgba(0, 0, 0, 0)\" class=\"has-inline-color has-vivid-cyan-blue-color\"><em>All about news and music broadcasting for once in a time. Created by. <\/em>\/ <\/mark><br><mark style=\"background-color:rgba(0, 0, 0, 0)\" class=\"has-inline-color has-black-color\">Todas las noticias y m\u00fasica desde una atm\u00f3sfera nocturna por \u00fanica vez.. <br>Creado por<\/mark><mark style=\"background-color:rgba(0, 0, 0, 0)\" class=\"has-inline-color has-vivid-cyan-blue-color\"> \/ Fabi\u00e1n Giles<br><\/mark><br><a href=\"https:\/\/podcasts.apple.com\/mx\/podcast\/fabian-giles-the-nightfly\/id1535662187\"><mark style=\"background-color:rgba(0, 0, 0, 0)\" class=\"has-inline-color has-luminous-vivid-orange-color\"><em>S<\/em>eason 1 \/ Temporada  1<\/mark><\/a><\/p>\n<\/div>\n<\/div>\n\n\n\n<div class=\"wp-block-columns is-layout-flex wp-container-core-columns-is-layout-9d6595d7 wp-block-columns-is-layout-flex\">\n<div class=\"wp-block-column is-layout-flow wp-block-column-is-layout-flow\">\n<figure class=\"wp-block-image size-full\"><a href=\"https:\/\/podcasts.apple.com\/mx\/podcast\/cubierto\/id1561028734\"><img loading=\"lazy\" decoding=\"async\" width=\"306\" height=\"304\" src=\"https:\/\/www.fabiangiles.com\/V5.1\/wp-content\/uploads\/2025\/04\/Cubierto.png\" alt=\"\" class=\"wp-image-780\" srcset=\"http:\/\/www.fabiangiles.com\/V5.1\/wp-content\/uploads\/2025\/04\/Cubierto.png 306w, http:\/\/www.fabiangiles.com\/V5.1\/wp-content\/uploads\/2025\/04\/Cubierto-300x298.png 300w, http:\/\/www.fabiangiles.com\/V5.1\/wp-content\/uploads\/2025\/04\/Cubierto-150x150.png 150w, http:\/\/www.fabiangiles.com\/V5.1\/wp-content\/uploads\/2025\/04\/Cubierto-100x100.png 100w\" sizes=\"auto, (max-width: 306px) 100vw, 306px\" \/><\/a><\/figure>\n<\/div>\n\n\n\n<div class=\"wp-block-column is-layout-flow wp-block-column-is-layout-flow\">\n<p><br><strong><mark style=\"background-color:rgba(0, 0, 0, 0)\" class=\"has-inline-color has-luminous-vivid-orange-color\">CUBIERTO \/ COVER<\/mark><\/strong><br><mark style=\"background-color:rgba(0, 0, 0, 0)\" class=\"has-inline-color has-vivid-cyan-blue-color\">Since <\/mark>\/ Desde <strong>2021<\/strong><\/p>\n\n\n\n<p><mark style=\"background-color:rgba(0, 0, 0, 0)\" class=\"has-inline-color has-vivid-cyan-blue-color\">The history of songs and their versions or covers through travel and food. An original idea by<\/mark><mark style=\"background-color:rgba(0, 0, 0, 0)\" class=\"has-inline-color has-luminous-vivid-orange-color\"> <\/mark><mark style=\"background-color:rgba(0, 0, 0, 0)\" class=\"has-inline-color has-vivid-cyan-blue-color\">\/ <\/mark><mark style=\"background-color:rgba(0, 0, 0, 0)\" class=\"has-inline-color has-black-color\">La historia de las canciones y sus versiones o covers a trav\u00e9s de los viajes y la comida. Una idea original de<\/mark><mark style=\"background-color:rgba(0, 0, 0, 0)\" class=\"has-inline-color has-vivid-cyan-blue-color\"> Fabi\u00e1n Giles.<mark style=\"background-color:rgba(0, 0, 0, 0)\" class=\"has-inline-color has-vivid-cyan-blue-color\"><\/mark><mark style=\"background-color:rgba(0, 0, 0, 0)\" class=\"has-inline-color has-vivid-cyan-blue-color\"><\/mark><\/mark><\/p>\n\n\n\n<p><a href=\"https:\/\/podcasts.apple.com\/mx\/podcast\/cubierto\/id1561028734\"><mark style=\"background-color:rgba(0, 0, 0, 0)\" class=\"has-inline-color has-luminous-vivid-orange-color\"><em>S<\/em>eason 1 \/ Temporada  1<\/mark><\/a><\/p>\n<\/div>\n<\/div>\n\n\n<div class=\"wp-block-image\">\n<figure class=\"aligncenter size-full is-resized\"><img loading=\"lazy\" decoding=\"async\" width=\"562\" height=\"545\" src=\"https:\/\/www.fabiangiles.com\/V5.1\/wp-content\/uploads\/2025\/04\/FABIANGILES2D.png\" alt=\"\" class=\"wp-image-205\" style=\"width:52px;height:auto\" srcset=\"http:\/\/www.fabiangiles.com\/V5.1\/wp-content\/uploads\/2025\/04\/FABIANGILES2D.png 562w, http:\/\/www.fabiangiles.com\/V5.1\/wp-content\/uploads\/2025\/04\/FABIANGILES2D-300x291.png 300w\" sizes=\"auto, (max-width: 562px) 100vw, 562px\" \/><\/figure>\n<\/div>","protected":false},"excerpt":{"rendered":"<p>Recents poductions about diferent themesProducciones recientes sobre sobre diferentes temas. Available \/ Disponibles en LA MALA RADIOSince \/ Desde 2014 This is not like others&#8230; \/ Esta no es como las otras&#8230; Season 1 \/ Temporada 1Season 2 \/ Temporada 2Season 3 \/ Temporada 3 \u00bfY LUEGO, QU\u00c9?Since \/ Desde 2016 Current topics, produced and &hellip; <\/p>\n<p class=\"link-more\"><a href=\"http:\/\/www.fabiangiles.com\/V5.1\/audiovisual\/podcast\/\" class=\"more-link\">Continue reading<span class=\"screen-reader-text\"> &#8220;PODCAST&#8221;<\/span><\/a><\/p>\n","protected":false},"author":1,"featured_media":25,"parent":33,"menu_order":0,"comment_status":"closed","ping_status":"closed","template":"","meta":{"footnotes":""},"class_list":["post-757","page","type-page","status-publish","has-post-thumbnail","hentry"],"_links":{"self":[{"href":"http:\/\/www.fabiangiles.com\/V5.1\/wp-json\/wp\/v2\/pages\/757","targetHints":{"allow":["GET"]}}],"collection":[{"href":"http:\/\/www.fabiangiles.com\/V5.1\/wp-json\/wp\/v2\/pages"}],"about":[{"href":"http:\/\/www.fabiangiles.com\/V5.1\/wp-json\/wp\/v2\/types\/page"}],"author":[{"embeddable":true,"href":"http:\/\/www.fabiangiles.com\/V5.1\/wp-json\/wp\/v2\/users\/1"}],"replies":[{"embeddable":true,"href":"http:\/\/www.fabiangiles.com\/V5.1\/wp-json\/wp\/v2\/comments?post=757"}],"version-history":[{"count":42,"href":"http:\/\/www.fabiangiles.com\/V5.1\/wp-json\/wp\/v2\/pages\/757\/revisions"}],"predecessor-version":[{"id":864,"href":"http:\/\/www.fabiangiles.com\/V5.1\/wp-json\/wp\/v2\/pages\/757\/revisions\/864"}],"up":[{"embeddable":true,"href":"http:\/\/www.fabiangiles.com\/V5.1\/wp-json\/wp\/v2\/pages\/33"}],"wp:featuredmedia":[{"embeddable":true,"href":"http:\/\/www.fabiangiles.com\/V5.1\/wp-json\/wp\/v2\/media\/25"}],"wp:attachment":[{"href":"http:\/\/www.fabiangiles.com\/V5.1\/wp-json\/wp\/v2\/media?parent=757"}],"curies":[{"name":"wp","href":"https:\/\/api.w.org\/{rel}","templated":true}]}}