{"id":938,"date":"2025-04-25T03:33:38","date_gmt":"2025-04-25T03:33:38","guid":{"rendered":"https:\/\/www.fabiangiles.com\/V5.1\/?page_id=938"},"modified":"2025-05-14T06:45:23","modified_gmt":"2025-05-14T06:45:23","slug":"collage-urban","status":"publish","type":"page","link":"https:\/\/www.fabiangiles.com\/V5.1\/digital\/ebooks-2\/collage-urban\/","title":{"rendered":"COLLAGE &amp; URBAN"},"content":{"rendered":"\n<p><\/p>\n\n\n\n<figure class=\"wp-block-image size-large\"><img loading=\"lazy\" decoding=\"async\" width=\"791\" height=\"1024\" src=\"http:\/\/www.fabiangiles.com\/V5.1\/wp-content\/uploads\/2025\/04\/5-COLLAGE-URBAN-Cover-791x1024.jpg\" alt=\"\" class=\"wp-image-936\" srcset=\"https:\/\/www.fabiangiles.com\/V5.1\/wp-content\/uploads\/2025\/04\/5-COLLAGE-URBAN-Cover-791x1024.jpg 791w, https:\/\/www.fabiangiles.com\/V5.1\/wp-content\/uploads\/2025\/04\/5-COLLAGE-URBAN-Cover-232x300.jpg 232w, https:\/\/www.fabiangiles.com\/V5.1\/wp-content\/uploads\/2025\/04\/5-COLLAGE-URBAN-Cover-768x994.jpg 768w, https:\/\/www.fabiangiles.com\/V5.1\/wp-content\/uploads\/2025\/04\/5-COLLAGE-URBAN-Cover-1187x1536.jpg 1187w, https:\/\/www.fabiangiles.com\/V5.1\/wp-content\/uploads\/2025\/04\/5-COLLAGE-URBAN-Cover-1583x2048.jpg 1583w, https:\/\/www.fabiangiles.com\/V5.1\/wp-content\/uploads\/2025\/04\/5-COLLAGE-URBAN-Cover-scaled.jpg 1978w\" sizes=\"auto, (max-width: 767px) 89vw, (max-width: 1000px) 54vw, (max-width: 1071px) 543px, 580px\" \/><\/figure>\n\n\n\n<p><\/p>\n\n\n\n<p><strong>Launch of photo book &#8220;Collage &amp; Urban\u201d preview by Fabi\u00e1n Giles on World Collage Day.<\/strong><\/p>\n\n\n\n<p>DOWNLOAD PDF file directly <strong><a href=\"http:\/\/www.cortarypegarfestival.com\">HERE<\/a><\/strong><\/p>\n\n\n\n<p>On <strong>World Collage Day,<\/strong> celebrated on the second Saturday of May, the photography book <strong>&#8220;Collage &amp; Urban&#8221; <\/strong>preview by renowned Mexican artist <strong>Fabi\u00e1n Giles<\/strong> will be launched online. This book will be a vibrant visual exploration that captures the essence of the city through the technique of collage, fusing urban elements, textures, colors, and fragments of everyday life to construct unique and provocative narratives.<\/p>\n\n\n\n<p><br>Fabi\u00e1n Giles, known for his work as a designer, illustrator, and collagist, has consolidated in &#8220;Collage &amp; Urban&#8221; an artistic proposal that transcends the conventional. Each page of the e-book is a testament to his ability to transform the ordinary into the extraordinary, showing views of city scenery and furnishings, excerpts from found places to reflect on the complexity of modern cities. His critical approach addresses themes such as consumerism, politics, and collective memory, while celebrating the aesthetic richness of urban environments. The e-book will be available on <strong>Apple Books<\/strong>, <strong>Amazon Kindle<\/strong>, &amp; <strong>Google Play<\/strong>.<\/p>\n\n\n\n<p> The presentation will soon take place in Mexico City, a key location for promoting collage as an artistic expression. The event will include a discussion with Fabi\u00e1n Giles, where he will share his creative process and the inspiration behind this visual project. Additionally, some original pieces from the book will be exhibited, created by the author of &#8220;Collage &amp; Urban,&#8221; which is not just a book of photographs, but a visual manifesto that invites viewers to rethink the city as a living canvas, filled with fragmented stories that intertwine to form a whole. In Giles&#8217;s words, collage is one of the freest, most anarchic, and most conscious techniques, and this book encapsulates that philosophy with experience.<\/p>\n\n\n\n<p><br>Don&#8217;t miss this opportunity to immerse yourself in <strong>Fabi\u00e1n Giles<\/strong>&#8216; creative universe and celebrate the art of collage on its World Day. An event that promises to inspire and amaze all contemporary art lovers!<\/p>\n\n\n\n<p><\/p>\n\n\n\n<h4 class=\"wp-block-heading\">#collage #urban #worldcollageday #ebook #celebrate #collagist #collageart #streetvision #streetphotographyworldwide #urbanart #streetartists #streetphoto<\/h4>\n\n\n\n<p><\/p>\n\n\n\n<figure class=\"wp-block-image size-large\"><img loading=\"lazy\" decoding=\"async\" width=\"791\" height=\"1024\" src=\"https:\/\/www.fabiangiles.com\/V5.1\/wp-content\/uploads\/2025\/04\/COLLAGE-URBANO-Portada-791x1024.jpg\" alt=\"\" class=\"wp-image-939\" srcset=\"https:\/\/www.fabiangiles.com\/V5.1\/wp-content\/uploads\/2025\/04\/COLLAGE-URBANO-Portada-791x1024.jpg 791w, https:\/\/www.fabiangiles.com\/V5.1\/wp-content\/uploads\/2025\/04\/COLLAGE-URBANO-Portada-232x300.jpg 232w, https:\/\/www.fabiangiles.com\/V5.1\/wp-content\/uploads\/2025\/04\/COLLAGE-URBANO-Portada-768x994.jpg 768w, https:\/\/www.fabiangiles.com\/V5.1\/wp-content\/uploads\/2025\/04\/COLLAGE-URBANO-Portada-1187x1536.jpg 1187w, https:\/\/www.fabiangiles.com\/V5.1\/wp-content\/uploads\/2025\/04\/COLLAGE-URBANO-Portada-1583x2048.jpg 1583w, https:\/\/www.fabiangiles.com\/V5.1\/wp-content\/uploads\/2025\/04\/COLLAGE-URBANO-Portada-scaled.jpg 1978w\" sizes=\"auto, (max-width: 767px) 89vw, (max-width: 1000px) 54vw, (max-width: 1071px) 543px, 580px\" \/><\/figure>\n\n\n\n<p><\/p>\n\n\n\n<p><strong>Lanzamiento del foto libro &#8220;Collage &amp; Urban&#8221; de Fabi\u00e1n Giles en el D\u00eda Mundial del Collage.<\/strong><br><br>DESCARGA del archivo PDF directamente <strong>A<a href=\"https:\/\/www.cortarypegarfestival.com\/\">QU\u00cd<\/a><\/strong><\/p>\n\n\n\n<p>El pr\u00f3ximo <strong>D\u00eda Mundial del Collage<\/strong>, celebrado el segundo s\u00e1bado de mayo, se lanzar\u00e1 en l\u00ednea el previo del libro de fotograf\u00edas <strong>&#8220;Collage &amp; Urban&#8221;<\/strong>, una obra del reconocido artista mexicano <strong>Fabi\u00e1n Giles<\/strong>. Este libro ser\u00e1 una vibrante exploraci\u00f3n visual que captura la esencia de la ciudad a trav\u00e9s de la t\u00e9cnica del collage, fusionando elementos urbanos, texturas, colores y fragmentos de la vida cotidiana para construir narrativas \u00fanicas y provocadoras.<br><strong>Fabi\u00e1n Giles<\/strong>, conocido por su trabajo como dise\u00f1ador, ilustrador y collagista, ha consolidado en &#8220;Collage &amp; Urban&#8221; una propuesta art\u00edstica que trasciende lo convencional. Cada p\u00e1gina del libro electr\u00f3nico es un testimonio de su habilidad para transformar lo ordinario en extraordinario, mostrando vistas del escenario y mobiliario citadino, extractos de lugares encontrados para reflexionar sobre la complejidad de las ciudades modernas. Su enfoque cr\u00edtico aborda temas como el consumismo, la pol\u00edtica y la memoria colectiva, al mismo tiempo que celebra la riqueza est\u00e9tica de los entornos urbanos.<br>El libro en su versi\u00f3n electr\u00f3nica estar\u00e1 disponible en las plataformas de <strong>Apple Books<\/strong>, <strong>Amazon Kindle<\/strong> y <strong>Google Amazon<\/strong>. <\/p>\n\n\n\n<p>La presentaci\u00f3n se llevar\u00e1 a cabo pr\u00f3ximamente en la Ciudad de M\u00e9xico, el lugar que ha sido clave para la promoci\u00f3n del collage como expresi\u00f3n art\u00edstica. El evento incluir\u00e1 un conversatorio con Fabi\u00e1n Giles, donde compartir\u00e1 su proceso creativo y la inspiraci\u00f3n detr\u00e1s de este proyecto visual. Adem\u00e1s, se exhibir\u00e1n algunas piezas originales del libro, creadas por el autor de &#8220;Collage &amp; Urban&#8221; que no es solo un libro de fotograf\u00edas, sino un manifiesto visual que invita a los espectadores a repensar la ciudad como un lienzo vivo, lleno de historias fragmentadas que se entrelazan para formar un todo. En palabras de Giles, el <strong>collage<\/strong> es una de las t\u00e9cnicas m\u00e1s libres, m\u00e1s an\u00e1rquicas, m\u00e1s conscientes, y este libro encapsula esa filosof\u00eda con experiencia.<\/p>\n\n\n\n<p><br>No se pierdan esta oportunidad de sumergirse en el universo creativo de Fabi\u00e1n Giles y celebrar el arte del collage en su d\u00eda mundial. \u00a1Un evento que promete inspirar y sorprender a todos los amantes del arte contempor\u00e1neo!<\/p>\n\n\n\n<h4 class=\"wp-block-heading\">collage #urbano #worldcollageday #diamundialdelcollage #ebook #celebracion #collagista #collageart #arte #callejero #streetphotographyworldwide #fotgraf\u00edadelacalle #urbanart #arteurbano #artistacalejero #streetartists #fotocallejera #streetphoto<\/h4>\n\n\n\n<p><\/p>\n","protected":false},"excerpt":{"rendered":"<p>Launch of photo book &#8220;Collage &amp; Urban\u201d preview by Fabi\u00e1n Giles on World Collage Day. DOWNLOAD PDF file directly HERE On World Collage Day, celebrated on the second Saturday of May, the photography book &#8220;Collage &amp; Urban&#8221; preview by renowned Mexican artist Fabi\u00e1n Giles will be launched online. This book will be a vibrant visual &hellip; <\/p>\n<p class=\"link-more\"><a href=\"https:\/\/www.fabiangiles.com\/V5.1\/digital\/ebooks-2\/collage-urban\/\" class=\"more-link\">Continue reading<span class=\"screen-reader-text\"> &#8220;COLLAGE &amp; URBAN&#8221;<\/span><\/a><\/p>\n","protected":false},"author":1,"featured_media":0,"parent":934,"menu_order":0,"comment_status":"closed","ping_status":"closed","template":"","meta":{"footnotes":""},"class_list":["post-938","page","type-page","status-publish","hentry"],"_links":{"self":[{"href":"https:\/\/www.fabiangiles.com\/V5.1\/wp-json\/wp\/v2\/pages\/938","targetHints":{"allow":["GET"]}}],"collection":[{"href":"https:\/\/www.fabiangiles.com\/V5.1\/wp-json\/wp\/v2\/pages"}],"about":[{"href":"https:\/\/www.fabiangiles.com\/V5.1\/wp-json\/wp\/v2\/types\/page"}],"author":[{"embeddable":true,"href":"https:\/\/www.fabiangiles.com\/V5.1\/wp-json\/wp\/v2\/users\/1"}],"replies":[{"embeddable":true,"href":"https:\/\/www.fabiangiles.com\/V5.1\/wp-json\/wp\/v2\/comments?post=938"}],"version-history":[{"count":10,"href":"https:\/\/www.fabiangiles.com\/V5.1\/wp-json\/wp\/v2\/pages\/938\/revisions"}],"predecessor-version":[{"id":1112,"href":"https:\/\/www.fabiangiles.com\/V5.1\/wp-json\/wp\/v2\/pages\/938\/revisions\/1112"}],"up":[{"embeddable":true,"href":"https:\/\/www.fabiangiles.com\/V5.1\/wp-json\/wp\/v2\/pages\/934"}],"wp:attachment":[{"href":"https:\/\/www.fabiangiles.com\/V5.1\/wp-json\/wp\/v2\/media?parent=938"}],"curies":[{"name":"wp","href":"https:\/\/api.w.org\/{rel}","templated":true}]}}

<p></p>



<figure class="wp-block-image size-large"><img loading="lazy" decoding="async" width="791" height="1024" src="http://www.fabiangiles.com/V5.1/wp-content/uploads/2025/04/5-COLLAGE-URBAN-Cover-791x1024.jpg" alt="" class="wp-image-936" srcset="https://www.fabiangiles.com/V5.1/wp-content/uploads/2025/04/5-COLLAGE-URBAN-Cover-791x1024.jpg 791w, https://www.fabiangiles.com/V5.1/wp-content/uploads/2025/04/5-COLLAGE-URBAN-Cover-232x300.jpg 232w, https://www.fabiangiles.com/V5.1/wp-content/uploads/2025/04/5-COLLAGE-URBAN-Cover-768x994.jpg 768w, https://www.fabiangiles.com/V5.1/wp-content/uploads/2025/04/5-COLLAGE-URBAN-Cover-1187x1536.jpg 1187w, https://www.fabiangiles.com/V5.1/wp-content/uploads/2025/04/5-COLLAGE-URBAN-Cover-1583x2048.jpg 1583w, https://www.fabiangiles.com/V5.1/wp-content/uploads/2025/04/5-COLLAGE-URBAN-Cover-scaled.jpg 1978w" sizes="auto, (max-width: 767px) 89vw, (max-width: 1000px) 54vw, (max-width: 1071px) 543px, 580px" /></figure>



<p></p>



<p><strong>Launch of photo book &#8220;Collage &amp; Urban” preview by Fabián Giles on World Collage Day.</strong></p>



<p>DOWNLOAD PDF file directly <strong><a href="http://www.cortarypegarfestival.com">HERE</a></strong></p>



<p>On <strong>World Collage Day,</strong> celebrated on the second Saturday of May, the photography book <strong>&#8220;Collage &amp; Urban&#8221; </strong>preview by renowned Mexican artist <strong>Fabián Giles</strong> will be launched online. This book will be a vibrant visual exploration that captures the essence of the city through the technique of collage, fusing urban elements, textures, colors, and fragments of everyday life to construct unique and provocative narratives.</p>



<p><br>Fabián Giles, known for his work as a designer, illustrator, and collagist, has consolidated in &#8220;Collage &amp; Urban&#8221; an artistic proposal that transcends the conventional. Each page of the e-book is a testament to his ability to transform the ordinary into the extraordinary, showing views of city scenery and furnishings, excerpts from found places to reflect on the complexity of modern cities. His critical approach addresses themes such as consumerism, politics, and collective memory, while celebrating the aesthetic richness of urban environments. The e-book will be available on <strong>Apple Books</strong>, <strong>Amazon Kindle</strong>, &amp; <strong>Google Play</strong>.</p>



<p> The presentation will soon take place in Mexico City, a key location for promoting collage as an artistic expression. The event will include a discussion with Fabián Giles, where he will share his creative process and the inspiration behind this visual project. Additionally, some original pieces from the book will be exhibited, created by the author of &#8220;Collage &amp; Urban,&#8221; which is not just a book of photographs, but a visual manifesto that invites viewers to rethink the city as a living canvas, filled with fragmented stories that intertwine to form a whole. In Giles&#8217;s words, collage is one of the freest, most anarchic, and most conscious techniques, and this book encapsulates that philosophy with experience.</p>



<p><br>Don&#8217;t miss this opportunity to immerse yourself in <strong>Fabián Giles</strong>&#8216; creative universe and celebrate the art of collage on its World Day. An event that promises to inspire and amaze all contemporary art lovers!</p>



<p></p>



<h4 class="wp-block-heading">#collage #urban #worldcollageday #ebook #celebrate #collagist #collageart #streetvision #streetphotographyworldwide #urbanart #streetartists #streetphoto</h4>



<p></p>



<figure class="wp-block-image size-large"><img loading="lazy" decoding="async" width="791" height="1024" src="https://www.fabiangiles.com/V5.1/wp-content/uploads/2025/04/COLLAGE-URBANO-Portada-791x1024.jpg" alt="" class="wp-image-939" srcset="https://www.fabiangiles.com/V5.1/wp-content/uploads/2025/04/COLLAGE-URBANO-Portada-791x1024.jpg 791w, https://www.fabiangiles.com/V5.1/wp-content/uploads/2025/04/COLLAGE-URBANO-Portada-232x300.jpg 232w, https://www.fabiangiles.com/V5.1/wp-content/uploads/2025/04/COLLAGE-URBANO-Portada-768x994.jpg 768w, https://www.fabiangiles.com/V5.1/wp-content/uploads/2025/04/COLLAGE-URBANO-Portada-1187x1536.jpg 1187w, https://www.fabiangiles.com/V5.1/wp-content/uploads/2025/04/COLLAGE-URBANO-Portada-1583x2048.jpg 1583w, https://www.fabiangiles.com/V5.1/wp-content/uploads/2025/04/COLLAGE-URBANO-Portada-scaled.jpg 1978w" sizes="auto, (max-width: 767px) 89vw, (max-width: 1000px) 54vw, (max-width: 1071px) 543px, 580px" /></figure>



<p></p>



<p><strong>Lanzamiento del foto libro &#8220;Collage &amp; Urban&#8221; de Fabián Giles en el Día Mundial del Collage.</strong><br><br>DESCARGA del archivo PDF directamente <strong>A<a href="https://www.cortarypegarfestival.com/">QUÍ</a></strong></p>



<p>El próximo <strong>Día Mundial del Collage</strong>, celebrado el segundo sábado de mayo, se lanzará en línea el previo del libro de fotografías <strong>&#8220;Collage &amp; Urban&#8221;</strong>, una obra del reconocido artista mexicano <strong>Fabián Giles</strong>. Este libro será una vibrante exploración visual que captura la esencia de la ciudad a través de la técnica del collage, fusionando elementos urbanos, texturas, colores y fragmentos de la vida cotidiana para construir narrativas únicas y provocadoras.<br><strong>Fabián Giles</strong>, conocido por su trabajo como diseñador, ilustrador y collagista, ha consolidado en &#8220;Collage &amp; Urban&#8221; una propuesta artística que trasciende lo convencional. Cada página del libro electrónico es un testimonio de su habilidad para transformar lo ordinario en extraordinario, mostrando vistas del escenario y mobiliario citadino, extractos de lugares encontrados para reflexionar sobre la complejidad de las ciudades modernas. Su enfoque crítico aborda temas como el consumismo, la política y la memoria colectiva, al mismo tiempo que celebra la riqueza estética de los entornos urbanos.<br>El libro en su versión electrónica estará disponible en las plataformas de <strong>Apple Books</strong>, <strong>Amazon Kindle</strong> y <strong>Google Amazon</strong>. </p>



<p>La presentación se llevará a cabo próximamente en la Ciudad de México, el lugar que ha sido clave para la promoción del collage como expresión artística. El evento incluirá un conversatorio con Fabián Giles, donde compartirá su proceso creativo y la inspiración detrás de este proyecto visual. Además, se exhibirán algunas piezas originales del libro, creadas por el autor de &#8220;Collage &amp; Urban&#8221; que no es solo un libro de fotografías, sino un manifiesto visual que invita a los espectadores a repensar la ciudad como un lienzo vivo, lleno de historias fragmentadas que se entrelazan para formar un todo. En palabras de Giles, el <strong>collage</strong> es una de las técnicas más libres, más anárquicas, más conscientes, y este libro encapsula esa filosofía con experiencia.</p>



<p><br>No se pierdan esta oportunidad de sumergirse en el universo creativo de Fabián Giles y celebrar el arte del collage en su día mundial. ¡Un evento que promete inspirar y sorprender a todos los amantes del arte contemporáneo!</p>



<h4 class="wp-block-heading">collage #urbano #worldcollageday #diamundialdelcollage #ebook #celebracion #collagista #collageart #arte #callejero #streetphotographyworldwide #fotgrafíadelacalle #urbanart #arteurbano #artistacalejero #streetartists #fotocallejera #streetphoto</h4>



<p></p>

<p>Launch of photo book &#8220;Collage &amp; Urban” preview by Fabián Giles on World Collage Day. DOWNLOAD PDF file directly HERE On World Collage Day, celebrated on the second Saturday of May, the photography book &#8220;Collage &amp; Urban&#8221; preview by renowned Mexican artist Fabián Giles will be launched online. This book will be a vibrant visual &hellip; </p>
<p class="link-more"><a href="https://www.fabiangiles.com/V5.1/digital/ebooks-2/collage-urban/" class="more-link">Continue reading<span class="screen-reader-text"> &#8220;COLLAGE &amp; URBAN&#8221;</span></a></p>
